{"id":212,"date":"2021-10-30T22:03:32","date_gmt":"2021-10-31T01:03:32","guid":{"rendered":"http:\/\/loja.rosefernandes.com.br\/index.php\/produto\/santa-ceia-giclee-55x85cm\/"},"modified":"2025-01-21T15:57:18","modified_gmt":"2025-01-21T18:57:18","slug":"santa-ceia-giclee-55x85cm","status":"publish","type":"product","link":"https:\/\/loja.rosefernandes.com.br\/index.php\/produto\/santa-ceia-giclee-55x85cm\/","title":{"rendered":"Santa ceia- gicl\u00e9e &#8211; 55x93cm"},"content":{"rendered":"<p>Gicl\u00e9e &#8211; fine art\u00a0 \u00e9 uma impress\u00e3o em Canvas de grande qualidade, a artista faz\u00a0 interven\u00e7\u00f5es feito a m\u00e3o, deixando a pe\u00e7a ainda mais original Obras assinadas\u00a0 ap\u00f3s a impress\u00e3o, materiais utilizados de excelente qualidade espec\u00edficos para a t\u00e9cnica, a mesma \u00e9 acompanhada com um\u00a0 certificado de autenticidade assinada pela artista. Moldura filete<\/p>\n<p>Se preferir outros tamanhos, entrar\u00a0 em contato para ver a disponibilidade.<\/p>\n<p>Prazo de entrega\u00a0 15 a 25 dias<\/p>\n<p>&nbsp;<\/p>\n","protected":false},"excerpt":{"rendered":"<p>Gicl\u00e9e &#8211; fine art\u00a0 \u00e9 uma impress\u00e3o em Canvas de grande qualidade, a artista faz\u00a0 interven\u00e7\u00f5es feito a m\u00e3o, deixando a pe\u00e7a ainda mais original Obras assinadas\u00a0 ap\u00f3s a impress\u00e3o, materiais utilizados de excelente qualidade espec\u00edficos para a t\u00e9cnica, a mesma \u00e9 acompanhada com um\u00a0 certificado de autenticidade assinada pela artista. Moldura filete Se preferir [&hellip;]<\/p>\n","protected":false},"featured_media":211,"comment_status":"open","ping_status":"closed","template":"","meta":[],"product_brand":[],"product_cat":[38],"product_tag":[39,40,41],"class_list":{"0":"post-212","1":"product","2":"type-product","3":"status-publish","4":"has-post-thumbnail","6":"product_cat-giclee","7":"product_tag-giclee","8":"product_tag-gravura","9":"product_tag-obra-original","11":"first","12":"instock","13":"shipping-taxable","14":"purchasable","15":"product-type-simple"},"yoast_head":"<!-- This site is optimized with the Yoast SEO plugin v26.3 - https:\/\/yoast.com\/wordpress\/plugins\/seo\/ -->\n<title>Santa ceia- gicl\u00e9e - 55x93cm - Galeria Rose Fernandes Artista<\/title>\n<meta name=\"robots\" content=\"index, follow, max-snippet:-1, max-image-preview:large, max-video-preview:-1\" \/>\n<link rel=\"canonical\" href=\"https:\/\/loja.rosefernandes.com.br\/index.php\/produto\/santa-ceia-giclee-55x85cm\/\" \/>\n<meta property=\"og:locale\" content=\"pt_BR\" \/>\n<meta property=\"og:type\" content=\"article\" \/>\n<meta property=\"og:title\" content=\"Santa ceia- gicl\u00e9e - 55x93cm - Galeria Rose Fernandes Artista\" \/>\n<meta property=\"og:description\" content=\"Gicl\u00e9e &#8211; fine art\u00a0 \u00e9 uma impress\u00e3o em Canvas de grande qualidade, a artista faz\u00a0 interven\u00e7\u00f5es feito a m\u00e3o, deixando a pe\u00e7a ainda mais original Obras assinadas\u00a0 ap\u00f3s a impress\u00e3o, materiais utilizados de excelente qualidade espec\u00edficos para a t\u00e9cnica, a mesma \u00e9 acompanhada com um\u00a0 certificado de autenticidade assinada pela artista. Moldura filete Se preferir [&hellip;]\" \/>\n<meta property=\"og:url\" content=\"https:\/\/loja.rosefernandes.com.br\/index.php\/produto\/santa-ceia-giclee-55x85cm\/\" \/>\n<meta property=\"og:site_name\" content=\"Galeria Rose Fernandes Artista\" \/>\n<meta property=\"article:publisher\" content=\"https:\/\/www.facebook.com\/rosefernandesartist\" \/>\n<meta property=\"article:modified_time\" content=\"2025-01-21T18:57:18+00:00\" \/>\n<meta property=\"og:image\" content=\"https:\/\/i0.wp.com\/loja.rosefernandes.com.br\/wp-content\/uploads\/2021\/10\/Santa-Ceia-90x170-C3B3leo-sobre-tela-GicleC3A9-disponivel-na-loja-on-line_jzqbsf.jpg?fit=600%2C311&ssl=1\" \/>\n\t<meta property=\"og:image:width\" content=\"600\" \/>\n\t<meta property=\"og:image:height\" content=\"311\" \/>\n\t<meta property=\"og:image:type\" content=\"image\/jpeg\" \/>\n<meta name=\"twitter:card\" content=\"summary_large_image\" \/>\n<meta name=\"twitter:site\" content=\"@RoseFernandess\" \/>\n<script type=\"application\/ld+json\" class=\"yoast-schema-graph\">{\"@context\":\"https:\/\/schema.org\",\"@graph\":[{\"@type\":\"WebPage\",\"@id\":\"https:\/\/loja.rosefernandes.com.br\/index.php\/produto\/santa-ceia-giclee-55x85cm\/\",\"url\":\"https:\/\/loja.rosefernandes.com.br\/index.php\/produto\/santa-ceia-giclee-55x85cm\/\",\"name\":\"Santa ceia- gicl\u00e9e - 55x93cm - Galeria Rose Fernandes Artista\",\"isPartOf\":{\"@id\":\"https:\/\/loja.rosefernandes.com.br\/#website\"},\"primaryImageOfPage\":{\"@id\":\"https:\/\/loja.rosefernandes.com.br\/index.php\/produto\/santa-ceia-giclee-55x85cm\/#primaryimage\"},\"image\":{\"@id\":\"https:\/\/loja.rosefernandes.com.br\/index.php\/produto\/santa-ceia-giclee-55x85cm\/#primaryimage\"},\"thumbnailUrl\":\"https:\/\/i0.wp.com\/loja.rosefernandes.com.br\/wp-content\/uploads\/2021\/10\/Santa-Ceia-90x170-C3B3leo-sobre-tela-GicleC3A9-disponivel-na-loja-on-line_jzqbsf.jpg?fit=600%2C311&ssl=1\",\"datePublished\":\"2021-10-31T01:03:32+00:00\",\"dateModified\":\"2025-01-21T18:57:18+00:00\",\"breadcrumb\":{\"@id\":\"https:\/\/loja.rosefernandes.com.br\/index.php\/produto\/santa-ceia-giclee-55x85cm\/#breadcrumb\"},\"inLanguage\":\"pt-BR\",\"potentialAction\":[{\"@type\":\"ReadAction\",\"target\":[\"https:\/\/loja.rosefernandes.com.br\/index.php\/produto\/santa-ceia-giclee-55x85cm\/\"]}]},{\"@type\":\"ImageObject\",\"inLanguage\":\"pt-BR\",\"@id\":\"https:\/\/loja.rosefernandes.com.br\/index.php\/produto\/santa-ceia-giclee-55x85cm\/#primaryimage\",\"url\":\"https:\/\/i0.wp.com\/loja.rosefernandes.com.br\/wp-content\/uploads\/2021\/10\/Santa-Ceia-90x170-C3B3leo-sobre-tela-GicleC3A9-disponivel-na-loja-on-line_jzqbsf.jpg?fit=600%2C311&ssl=1\",\"contentUrl\":\"https:\/\/i0.wp.com\/loja.rosefernandes.com.br\/wp-content\/uploads\/2021\/10\/Santa-Ceia-90x170-C3B3leo-sobre-tela-GicleC3A9-disponivel-na-loja-on-line_jzqbsf.jpg?fit=600%2C311&ssl=1\",\"width\":600,\"height\":311},{\"@type\":\"BreadcrumbList\",\"@id\":\"https:\/\/loja.rosefernandes.com.br\/index.php\/produto\/santa-ceia-giclee-55x85cm\/#breadcrumb\",\"itemListElement\":[{\"@type\":\"ListItem\",\"position\":1,\"name\":\"In\u00edcio\",\"item\":\"https:\/\/loja.rosefernandes.com.br\/\"},{\"@type\":\"ListItem\",\"position\":2,\"name\":\"Loja Online\",\"item\":\"https:\/\/loja.rosefernandes.com.br\/\"},{\"@type\":\"ListItem\",\"position\":3,\"name\":\"Santa ceia- gicl\u00e9e &#8211; 55x93cm\"}]},{\"@type\":\"WebSite\",\"@id\":\"https:\/\/loja.rosefernandes.com.br\/#website\",\"url\":\"https:\/\/loja.rosefernandes.com.br\/\",\"name\":\"Loja Rose Fernandes Artista\",\"description\":\"Venda de Obras de arte, pinturas e cursos\",\"publisher\":{\"@id\":\"https:\/\/loja.rosefernandes.com.br\/#organization\"},\"potentialAction\":[{\"@type\":\"SearchAction\",\"target\":{\"@type\":\"EntryPoint\",\"urlTemplate\":\"https:\/\/loja.rosefernandes.com.br\/?s={search_term_string}\"},\"query-input\":{\"@type\":\"PropertyValueSpecification\",\"valueRequired\":true,\"valueName\":\"search_term_string\"}}],\"inLanguage\":\"pt-BR\"},{\"@type\":\"Organization\",\"@id\":\"https:\/\/loja.rosefernandes.com.br\/#organization\",\"name\":\"Loja Rose Fernandes Artista\",\"url\":\"https:\/\/loja.rosefernandes.com.br\/\",\"logo\":{\"@type\":\"ImageObject\",\"inLanguage\":\"pt-BR\",\"@id\":\"https:\/\/loja.rosefernandes.com.br\/#\/schema\/logo\/image\/\",\"url\":\"https:\/\/i0.wp.com\/loja.rosefernandes.com.br\/wp-content\/uploads\/2021\/10\/logo-rose-fernandes-artista-plastica.png?fit=261%2C119&ssl=1\",\"contentUrl\":\"https:\/\/i0.wp.com\/loja.rosefernandes.com.br\/wp-content\/uploads\/2021\/10\/logo-rose-fernandes-artista-plastica.png?fit=261%2C119&ssl=1\",\"width\":261,\"height\":119,\"caption\":\"Loja Rose Fernandes Artista\"},\"image\":{\"@id\":\"https:\/\/loja.rosefernandes.com.br\/#\/schema\/logo\/image\/\"},\"sameAs\":[\"https:\/\/www.facebook.com\/rosefernandesartist\",\"https:\/\/x.com\/RoseFernandess\",\"https:\/\/www.instagram.com\/rose.fernandes.artista\/\"]}]}<\/script>\n<!-- \/ Yoast SEO plugin. -->","yoast_head_json":{"title":"Santa ceia- gicl\u00e9e - 55x93cm - Galeria Rose Fernandes Artista","robots":{"index":"index","follow":"follow","max-snippet":"max-snippet:-1","max-image-preview":"max-image-preview:large","max-video-preview":"max-video-preview:-1"},"canonical":"https:\/\/loja.rosefernandes.com.br\/index.php\/produto\/santa-ceia-giclee-55x85cm\/","og_locale":"pt_BR","og_type":"article","og_title":"Santa ceia- gicl\u00e9e - 55x93cm - Galeria Rose Fernandes Artista","og_description":"Gicl\u00e9e &#8211; fine art\u00a0 \u00e9 uma impress\u00e3o em Canvas de grande qualidade, a artista faz\u00a0 interven\u00e7\u00f5es feito a m\u00e3o, deixando a pe\u00e7a ainda mais original Obras assinadas\u00a0 ap\u00f3s a impress\u00e3o, materiais utilizados de excelente qualidade espec\u00edficos para a t\u00e9cnica, a mesma \u00e9 acompanhada com um\u00a0 certificado de autenticidade assinada pela artista. Moldura filete Se preferir [&hellip;]","og_url":"https:\/\/loja.rosefernandes.com.br\/index.php\/produto\/santa-ceia-giclee-55x85cm\/","og_site_name":"Galeria Rose Fernandes Artista","article_publisher":"https:\/\/www.facebook.com\/rosefernandesartist","article_modified_time":"2025-01-21T18:57:18+00:00","og_image":[{"width":600,"height":311,"url":"https:\/\/i0.wp.com\/loja.rosefernandes.com.br\/wp-content\/uploads\/2021\/10\/Santa-Ceia-90x170-C3B3leo-sobre-tela-GicleC3A9-disponivel-na-loja-on-line_jzqbsf.jpg?fit=600%2C311&ssl=1","type":"image\/jpeg"}],"twitter_card":"summary_large_image","twitter_site":"@RoseFernandess","schema":{"@context":"https:\/\/schema.org","@graph":[{"@type":"WebPage","@id":"https:\/\/loja.rosefernandes.com.br\/index.php\/produto\/santa-ceia-giclee-55x85cm\/","url":"https:\/\/loja.rosefernandes.com.br\/index.php\/produto\/santa-ceia-giclee-55x85cm\/","name":"Santa ceia- gicl\u00e9e - 55x93cm - Galeria Rose Fernandes Artista","isPartOf":{"@id":"https:\/\/loja.rosefernandes.com.br\/#website"},"primaryImageOfPage":{"@id":"https:\/\/loja.rosefernandes.com.br\/index.php\/produto\/santa-ceia-giclee-55x85cm\/#primaryimage"},"image":{"@id":"https:\/\/loja.rosefernandes.com.br\/index.php\/produto\/santa-ceia-giclee-55x85cm\/#primaryimage"},"thumbnailUrl":"https:\/\/i0.wp.com\/loja.rosefernandes.com.br\/wp-content\/uploads\/2021\/10\/Santa-Ceia-90x170-C3B3leo-sobre-tela-GicleC3A9-disponivel-na-loja-on-line_jzqbsf.jpg?fit=600%2C311&ssl=1","datePublished":"2021-10-31T01:03:32+00:00","dateModified":"2025-01-21T18:57:18+00:00","breadcrumb":{"@id":"https:\/\/loja.rosefernandes.com.br\/index.php\/produto\/santa-ceia-giclee-55x85cm\/#breadcrumb"},"inLanguage":"pt-BR","potentialAction":[{"@type":"ReadAction","target":["https:\/\/loja.rosefernandes.com.br\/index.php\/produto\/santa-ceia-giclee-55x85cm\/"]}]},{"@type":"ImageObject","inLanguage":"pt-BR","@id":"https:\/\/loja.rosefernandes.com.br\/index.php\/produto\/santa-ceia-giclee-55x85cm\/#primaryimage","url":"https:\/\/i0.wp.com\/loja.rosefernandes.com.br\/wp-content\/uploads\/2021\/10\/Santa-Ceia-90x170-C3B3leo-sobre-tela-GicleC3A9-disponivel-na-loja-on-line_jzqbsf.jpg?fit=600%2C311&ssl=1","contentUrl":"https:\/\/i0.wp.com\/loja.rosefernandes.com.br\/wp-content\/uploads\/2021\/10\/Santa-Ceia-90x170-C3B3leo-sobre-tela-GicleC3A9-disponivel-na-loja-on-line_jzqbsf.jpg?fit=600%2C311&ssl=1","width":600,"height":311},{"@type":"BreadcrumbList","@id":"https:\/\/loja.rosefernandes.com.br\/index.php\/produto\/santa-ceia-giclee-55x85cm\/#breadcrumb","itemListElement":[{"@type":"ListItem","position":1,"name":"In\u00edcio","item":"https:\/\/loja.rosefernandes.com.br\/"},{"@type":"ListItem","position":2,"name":"Loja Online","item":"https:\/\/loja.rosefernandes.com.br\/"},{"@type":"ListItem","position":3,"name":"Santa ceia- gicl\u00e9e &#8211; 55x93cm"}]},{"@type":"WebSite","@id":"https:\/\/loja.rosefernandes.com.br\/#website","url":"https:\/\/loja.rosefernandes.com.br\/","name":"Loja Rose Fernandes Artista","description":"Venda de Obras de arte, pinturas e cursos","publisher":{"@id":"https:\/\/loja.rosefernandes.com.br\/#organization"},"potentialAction":[{"@type":"SearchAction","target":{"@type":"EntryPoint","urlTemplate":"https:\/\/loja.rosefernandes.com.br\/?s={search_term_string}"},"query-input":{"@type":"PropertyValueSpecification","valueRequired":true,"valueName":"search_term_string"}}],"inLanguage":"pt-BR"},{"@type":"Organization","@id":"https:\/\/loja.rosefernandes.com.br\/#organization","name":"Loja Rose Fernandes Artista","url":"https:\/\/loja.rosefernandes.com.br\/","logo":{"@type":"ImageObject","inLanguage":"pt-BR","@id":"https:\/\/loja.rosefernandes.com.br\/#\/schema\/logo\/image\/","url":"https:\/\/i0.wp.com\/loja.rosefernandes.com.br\/wp-content\/uploads\/2021\/10\/logo-rose-fernandes-artista-plastica.png?fit=261%2C119&ssl=1","contentUrl":"https:\/\/i0.wp.com\/loja.rosefernandes.com.br\/wp-content\/uploads\/2021\/10\/logo-rose-fernandes-artista-plastica.png?fit=261%2C119&ssl=1","width":261,"height":119,"caption":"Loja Rose Fernandes Artista"},"image":{"@id":"https:\/\/loja.rosefernandes.com.br\/#\/schema\/logo\/image\/"},"sameAs":["https:\/\/www.facebook.com\/rosefernandesartist","https:\/\/x.com\/RoseFernandess","https:\/\/www.instagram.com\/rose.fernandes.artista\/"]}]}},"jetpack_sharing_enabled":true,"_links":{"self":[{"href":"https:\/\/loja.rosefernandes.com.br\/index.php\/wp-json\/wp\/v2\/product\/212","targetHints":{"allow":["GET"]}}],"collection":[{"href":"https:\/\/loja.rosefernandes.com.br\/index.php\/wp-json\/wp\/v2\/product"}],"about":[{"href":"https:\/\/loja.rosefernandes.com.br\/index.php\/wp-json\/wp\/v2\/types\/product"}],"replies":[{"embeddable":true,"href":"https:\/\/loja.rosefernandes.com.br\/index.php\/wp-json\/wp\/v2\/comments?post=212"}],"version-history":[{"count":1,"href":"https:\/\/loja.rosefernandes.com.br\/index.php\/wp-json\/wp\/v2\/product\/212\/revisions"}],"predecessor-version":[{"id":317,"href":"https:\/\/loja.rosefernandes.com.br\/index.php\/wp-json\/wp\/v2\/product\/212\/revisions\/317"}],"wp:featuredmedia":[{"embeddable":true,"href":"https:\/\/loja.rosefernandes.com.br\/index.php\/wp-json\/wp\/v2\/media\/211"}],"wp:attachment":[{"href":"https:\/\/loja.rosefernandes.com.br\/index.php\/wp-json\/wp\/v2\/media?parent=212"}],"wp:term":[{"taxonomy":"product_brand","embeddable":true,"href":"https:\/\/loja.rosefernandes.com.br\/index.php\/wp-json\/wp\/v2\/product_brand?post=212"},{"taxonomy":"product_cat","embeddable":true,"href":"https:\/\/loja.rosefernandes.com.br\/index.php\/wp-json\/wp\/v2\/product_cat?post=212"},{"taxonomy":"product_tag","embeddable":true,"href":"https:\/\/loja.rosefernandes.com.br\/index.php\/wp-json\/wp\/v2\/product_tag?post=212"}],"curies":[{"name":"wp","href":"https:\/\/api.w.org\/{rel}","templated":true}]}}